-49)
-9
Evaluate (-13 + 11 + 1 + -19 - -7) + 57 + -13.
31
What is the value of 82 + 15 + -1 + (-971 - -949)?
74
What is the value of -2 + 12 + -1 + 11 + (-28 - (35 + -15))?
-28
Calculate (0 - -184) + 238 + -318.
104
Evaluate -3 + (-8 - (11 + -28)) + 28 + (-6 - 2).
26
0 + 23 + 0 + (-6 + -42 - 33) + 73
15
What is (1 + 20 - (43 + -39)) + 7 + -8?
16
Calculate -8 - (-40 + (-8 - -23)) - -22.
39
Calculate 1 + (-100 - -107) + 3 + 1 + -1.
11
What is the value of -20 - (-120 + 90 + -14)?
24
Evaluate (-4 - 9) + (-7 + 10 - 10) + 0 + -2.
-22
Calculate 64 + -16 + -21 + -7 - (122 - 2).
-100
What is 154 - (135 - 25) - (-6 + (1 - 1))?
50
Evaluate (-75 - -24) + (1 - (7 - -5)) - (7 - -2).
-71
Evaluate (-21 - -11 - 29) + (-12 - (-4 - 8)).
-39
What is -21 + (37 + -21 - ((-7 - -4) + 3))?
-5
What is the value of 22 + (-6 - -21) - 43 - -77?
71
(149 - 56 - 127) + -1 + 13 + 0
-22
-5 + (11 - (-32 - -18)) - -29
49
51 - ((225 - 220 - (-2 - 8)) + -10)
46
What is -11 - (5 - -1 - (43 + (-10 - 27))) - 5?
-16
22 - ((18 - 22) + 22)
4
Calculate (-3 + 15 + -3 - (2 + -45)) + -11.
41
(116 - 32 - 8) + (1 + (-4 - -2) - 11)
64
Calculate -8 + 44 + (-10 - -19) - (1 - 6).
50
Calculate -20 - -45 - 63 - ((11 - 19) + -6).
-24
3 - (12 + -2 - (67 - 61) - -10)
-11
What is 27 - (15 + -21 + -25 + 7)?
51
1 + 2 + (9 - 15) - 42 - (92 - 97)
-40
What is 6 + 49 + 0 + -13 + 13 + 3?
58
What is 49 + -9 + -209 + 219 + (17 - 1)?
66
Calculate -27 + 0 + -5223 + 5196.
-54
Calculate (47 - (-4 + -5)) + (26 - ((23 - 23) + 14)).
68
Calculate -3 + -10 - (-203 + 226).
-36
Evaluate (8 - 18) + (-65 - (11 - 24)).
-62
Evaluate 10 + 0 - (-32 - (24 - 81) - -45).
-60
What is the value of 15 + 43 + -48 + -1 + -55?
-46
33 + (53 - (-6 - -16))
76
Calculate -47 - (-153 + 65 - -34).
7
What is (25 - (40 - 36 - -6)) + 33?
48
What is 268 + -268 - (-4 - 1) - -15?
20
What is -3 - 3 - -38 - (-7 - 4 - (4 - 12))?
35
Evaluate (-4 - -11) + -13 + -2 + -4 + 37.
25
Calculate 1 + -24 - (-47 + (-119 - -178)).
-35
What is -16 - (-58 - (12 - (15 - 9))) - (2 + 0)?
46
What is 18 + 19 + -83 + 90?
44
-5 - (-73 + 25 - -23)
20
Evaluate -70 - (9 + (-146 - -31)).
36
Evaluate 108 + -70 - (11 + -32 - 88).
147
Evaluate 2 + -5 + (-11 - -7) + -24 - (6 + 2).
-39
What is the value of (4 + 0 - (5 - (-20 + 7))) + 46?
32
Evaluate (23 - (4 - -10)) + -3 + 9 - 8.
7
Evaluate 59 + (31 - -138 - 134).
94
What is 1 + 16 + 13 + (-23 - 5) + 6 - -7?
15
What is 0 + 2 + 0 + 6 - (-22 + -27 + 16)?
41
Calculate -1 + -13 + (11 - -10 - (-187 + 202)).
-8
What is (-104 - -53) + 130 + -8 + (17 - -2)?
90
What is the value of (-7 - -141 - 44) + -17?
73
What is (-93 - (99 - 229)) + 37 + -3?
71
What is -13 + 129 - (5 + (5 - (13 - 24)))?
95
What is -14 - 6 - (-8 + 11 - 63)?
40
What is the value of 45 + 6 - (2 + 2 + (6 - 2))?
43
-2 + -27 + (44 - 43 - 22)
-50
Calculate 42 - -65 - (27 - 5).
85
What is (-22 - (-14 - -25)) + 33 - 84?
-84
Calculate 1 + (36 - (13 - -9) - 22).
-7
Calculate -49 - (-1 - (57 + 1)).
10
What is -96 + 55 - (28 + -72)?
3
What is the value of 0 + 79 + -53 + 70 + (7 - 24)?
79
Evaluate 73 - 114 - (-23 - 25).
7
What is the value of -16 - (0 - (-4 + 7)) - (99 + -136)?
24
What is -40 + (-28 - -83) + -32 + -1 + -9?
-27
What is (7 - 2 - 27) + -158 + 148?
-32
Evaluate -72 - (20 + -72 + 101).
-121
What is the value of 6831 + -6883 - (0 - -52)?
-104
What is the value of (125 - 27) + -79 + (8 - (-1 - -1))?
27
Calculate (-6 - (-104 - -53)) + -21.
24
Evaluate -51 - -28 - -37 - (3 - 4 - (-7 + -5)).
3
-53 + 61 - 87 - -83
4
What is 5 - (1 - 53) - (-14 - -5 - -20)?
46
Calculate (21 - 67 - -16) + 3.
-27
What is -1 + 27 + (-38 - -8)?
-4
Evaluate 9 - (-26 - -11) - 13 - -69.
80
0 - -22 - (-124 + (52 - -77)) - -74
91
Calculate (-81 - -101) + (-27 - 2).
-9
Calculate 15 + -20 + 18 - (128 + -160).
45
Calculate -4 + 9 + -3 - (4 - (117 + -22)).
93
Evaluate 4 - ((9 - (33 + -15)) + -54) - 14.
53
What is -3 - -2 - (38 + -25 + 30 + (-1 - -2))?
-45
-39 + 21 - (52 + (1 - 4 - -8))
-75
What is the value of 83 - (24 + (10 - -9))?
40
Evaluate (-4 - (1 + -8 - -14) - -30) + -7.
12
Calculate (-18 - (18 + -4)) + -5.
-37
Evaluate (-2 + -7 - -21) + (-2 - 9) + 5.
6
What is the value of -49 + -57 + 71 + (-24 - 11)?
-70
What is the value of -18 + (46 - (14 - 7))?
21
What is 20 - (-7 - ((-29 - -22) + -4 - (0 - 10)))?
26
What is the value of 101 + (-104 - (-70 + 58))?
9
(-58 - 15) + 14 - -17
-42
What is -26 + 1 - (-12 - (-273 + 276))?
-10
Calculate (55 - (13 + -1)) + 5 - (3 - -6).
39
What is the value of (5 - (-14 + 9 + 33)) + 4 + 1 + 0?
-18
What is the value of -9 + (12 - (-4 - -11) - -3) - (-22 + -20)?
41
30 - (-25 - (2 + -50))
7
Calculate 9 + ((19 - 22) + 15 - 15).
6
What is -14 - (-5 + -2) - 8 - (-76 - -178)?
-117
Calculate -64 + 136 + (-42 - -2).
32
What is the value of (121 - 21 - 63) + (1 - 14) - (2 - -8)?
14
Calculate 26 + (-12 - (-116 - -59)).
71
-167 - ((-71 - -43) + -114)
-25
118 - 21 - (27 + 31)
39
Evaluate (-10 - -15) + 118 + (-29 - 1).
93
What is the value of -10 + -2 + -8 + 17 - (3 - 21)?
15
Evaluate -19 - -3 - (-675 - -799) - -37.
-103
What is (30 - 43 - -86) + -49?
24
What is -13 + (-42 + (8 - -28) + -2 - (0 + 102))?
-123
13 - (10 - (15 + (-8 + -1 - 9))) - 12
-12
What is the value of -11 + -8 + -1 + 22 + -75?
-73
Calculate -32 + 26 + (-21 - -2).
-25
(0 - -10 - (9 - -1)) + -1 - 16
-17
Evaluate -8 - (7 - (10 - (-14 - -48))) - 12.
-51
Calculate (-23 - (4 + -14 + -10)) + -1 + -44.
-48
141 + -161 + (5 - -99)
84
Calculate 13 + -21 - (-36 + -2 + -19 + 23 - -4).
22
Evaluate -67 - (-105 - -33) - (6 + -13 + -77).
89
What is 26 + -1 - (67 + -165 + 174)?
-51
Evaluate (63 + -38 - 1 - 17) + (0 - 10).
-3
Calculate 9 + (-20 - 7) + (-19 - (16 - 21)).
-32
Evaluate 33 + (96 - 196) + (-25 - 0).
-92
Calculate 13 + 5 + (-78 + -7 - -13).
-54
Evaluate 0 - (13 + (-11 - 14) + 7 + (131 - 2)).
-124
Calculate 52 + -30 - (5 + 1 + -48).
64
Calculate (-22 - (8 - (4 + 27))) + 4 + 29.
34
What is the value of -93 + 129 - (3 + 41)?
-8
(-15 - -2) + (-43 - (2 + -26 - 5))
-27
What is -16 - (31 + -84) - -17 - (-1 - -9)?
46
Evaluate (5 + -5 - -1) + -9 + (-47 - (-17 - -14)).
-52
Evaluate 2 + -20 + 0 - (9 + -2 - 4).
-21
Calculate -1 + 6 + (-86 - (-86 + 12)).
-7
Evaluate 0 - -9 - (4 - (-14 + 67) - (20 - 34)).
44
Evaluate (-1 + -109 - -219) + -104.
5
Calculate -15 + 2 - (364 - 374) - (-2 + 2).
-3
Evaluate 8 - ((84 - 54) + (-53 - -10)).
21
What is the value of -30 + 12 - (-34 + 80)?
-64
(13 - (28 + -20 - 4 - 15)) + 6
30
Calculate (29 - 8) + (-73 - (11 - -15)).
-78
What is the value of -1925 - -1930 - (0 - -1 - -22)?
-18
19 - 35 - -7 - 10 - -11
-8
74 + -71 - -29 - (-3 + 2)
33
-44266 - -44122 - ((2 - 2) + 0 + -16)
-128
Evaluate (-2 - -114) + (172 - 193) + 7.
98
Calculate -9 - ((-5 - 21) + -5 + (-3 - -4 - -1)).
20
What is (25 + -35 - 10) + 24 + 49?
53
What is (1 - -9 - (-4 + 29 + -23 - 5)) + -3?
10
Calculate 75 - (180 + (-88 - -49)).
-66
13 - ((1 - 20) + 22 - -4)
6
11 + 13 - ((-12 - -11) + -3 + 8)
20
What is the value of -6 + -68 - 1 - (-6 + (-2 - (-6 - -5)))?
-68
What is 0 + (9 - -25) - 87?
-53
Calculate 27 - ((5 - 8) + 6) - -7.
31
Calculate 12 + (12 - 0 - ((-17 - -5) + 7)).
29
What is 104 + 44 + 8 - 80?
76
Calculate -31 + (-28 - (20 - (-22 - -40))).
-61
Calculate -2 - 49 - ((5 - 2) + -4 + -9).
-41
What is the value of 3 + -9 - -4 - 24 - (32 + -46)?
-12
Calculate -167 + 117 + (0 - -79).
29
-16 + 61 + -78 - 14
-47
Evaluate (8 + -1 - (-7 + (12 - 3))) + -39 + 84.
50
Evaluate 97 + -102 - (152 - (-8 - -29)).
-136
What is the value of 25 + 3 - (13 + 7 + -5 - 23)?
36
What is 1 - -1 - (-243 + 254)?
-9
What is 0 + 7 + (-96 - -51) - -13?
-25
What is -13 - 138 - (431 - 491)?
-91
What is the value of -13 - (-110 + 149 - (-5 + 27))?
-30
What is -91 - -86 - (6 - (2 + -2))?
-11
What is (-19 - (-8 - (17 - (2 + 14)))) + -11?
-21
213 - 191 - (-12 + -8)
42
Calculate 66 - ((28 - 28) + 2 + -2).
66
What is (91 - 104) + -52 + 89?
24
Evaluate -43 + 37 + -1 - (-28 + -5).
26
What is (-33 + 21 - 3) + 38 + -9 - (-35 + 0)?
49
30 - 2 - (-876 - -867)
37
-108 - (105 + -123 + (-6 - -2) - -39)
-125
35 + -36 + (1 - -1 - 52) + -15
-66
-2 + (112 - 7) + -16 + (7 + 12 - 6)
100
What is the value of 41 + (3 - (-55 + 21)) + -43?
35
What is (-4 - 70) + -119 + 107?
-86
Calculate (-5 - 27) + 167 - 70.
65
Evaluate -28 + -37 - (-73 - -38).
-30
What is (-1 + 5 - (-24 - -30)) + (1 - -40 - 1